{"id":262,"date":"2025-12-16T14:22:25","date_gmt":"2025-12-16T14:22:25","guid":{"rendered":"https:\/\/tierschutzbiel.ch\/web\/tiervermittlung\/lebensplatz-gesucht\/gut-ueberlegt\/"},"modified":"2025-12-18T09:59:07","modified_gmt":"2025-12-18T09:59:07","slug":"gut-ueberlegt","status":"publish","type":"page","link":"https:\/\/tierschutzbiel.ch\/web\/tiervermittlung\/gut-ueberlegt\/","title":{"rendered":"Gut \u00fcberlegt"},"content":{"rendered":"\n<p>F\u00fcr all unsere Sch\u00fctzlinge suchen wir tolle Lebenspl\u00e4tze, an denen sie Liebe, F\u00fcrsorge, Pflege und Respekt erfahren. Jedem Tier sein kleines Paradies: Das ist unser Ziel!<\/p>\n\n\n\n<p>Aber die Anschaffung eines Vierbeiners muss gut \u00fcberlegt sein. Ein Tier ben\u00f6tigt viel Zeit und kostet auch Geld f\u00fcr Futter, Pflege und Tierarzt. Lassen Sie sich nicht vom \u201eJ\u00f6heffekt\u201c leiten. Wir beraten Sie jederzeit gerne.<\/p>\n\n\n\n<p><strong><br>Beschnuppern erw\u00fcnscht<\/strong><\/p>\n\n\n\n<p>Wenn Sie Interesse an einem unserer Hunde haben, ist es uns wichtig, dass Sie mit ihm \u00fcber mehrere Tage spazieren gehen. So haben Tier und Mensch die M\u00f6glichkeit, einander gegenseitig zu beschnuppern. Der Umzug in das neue Zuhause f\u00e4llt so ebenfalls viel ruhiger und stressfreier aus.<\/p>\n","protected":false},"excerpt":{"rendered":"<p>F\u00fcr all unsere Sch\u00fctzlinge suchen wir tolle Lebenspl\u00e4tze, an denen sie Liebe, F\u00fcrsorge, Pflege und Respekt erfahren. Jedem Tier sein kleines Paradies: Das ist unser Ziel! Aber die Anschaffung eines Vierbeiners muss gut \u00fcberlegt sein. Ein Tier ben\u00f6tigt viel Zeit und kostet auch Geld f\u00fcr Futter, Pflege und Tierarzt. Lassen Sie sich nicht vom \u201eJ\u00f6heffekt\u201c [&hellip;]<\/p>\n","protected":false},"author":1,"featured_media":333,"parent":29,"menu_order":0,"comment_status":"closed","ping_status":"closed","template":"","meta":{"_acf_changed":false,"footnotes":""},"class_list":["post-262","page","type-page","status-publish","has-post-thumbnail","hentry"],"acf":[],"_links":{"self":[{"href":"https:\/\/tierschutzbiel.ch\/web\/wp-json\/wp\/v2\/pages\/262","targetHints":{"allow":["GET"]}}],"collection":[{"href":"https:\/\/tierschutzbiel.ch\/web\/wp-json\/wp\/v2\/pages"}],"about":[{"href":"https:\/\/tierschutzbiel.ch\/web\/wp-json\/wp\/v2\/types\/page"}],"author":[{"embeddable":true,"href":"https:\/\/tierschutzbiel.ch\/web\/wp-json\/wp\/v2\/users\/1"}],"replies":[{"embeddable":true,"href":"https:\/\/tierschutzbiel.ch\/web\/wp-json\/wp\/v2\/comments?post=262"}],"version-history":[{"count":2,"href":"https:\/\/tierschutzbiel.ch\/web\/wp-json\/wp\/v2\/pages\/262\/revisions"}],"predecessor-version":[{"id":707,"href":"https:\/\/tierschutzbiel.ch\/web\/wp-json\/wp\/v2\/pages\/262\/revisions\/707"}],"up":[{"embeddable":true,"href":"https:\/\/tierschutzbiel.ch\/web\/wp-json\/wp\/v2\/pages\/29"}],"wp:featuredmedia":[{"embeddable":true,"href":"https:\/\/tierschutzbiel.ch\/web\/wp-json\/wp\/v2\/media\/333"}],"wp:attachment":[{"href":"https:\/\/tierschutzbiel.ch\/web\/wp-json\/wp\/v2\/media?parent=262"}],"curies":[{"name":"wp","href":"https:\/\/api.w.org\/{rel}","templated":true}]}}