{"id":358,"date":"2025-12-16T14:22:25","date_gmt":"2025-12-16T14:22:25","guid":{"rendered":"https:\/\/tierschutzbiel.ch\/web\/placement\/paradis-recherches\/bien-reflechi\/"},"modified":"2025-12-18T09:59:29","modified_gmt":"2025-12-18T09:59:29","slug":"bien-reflechi","status":"publish","type":"page","link":"https:\/\/tierschutzbiel.ch\/web\/placement\/bien-reflechi\/?lang=fr","title":{"rendered":"Bien r\u00e9fl\u00e9chi"},"content":{"rendered":"\n<p>Nous sommes constamment \u00e0 la recherche de places d\u2019accueil pour tous nos petits et grands pensionnaires, afin qu\u2019ils retrouvent confiance et qu\u2019ils puissent vivre, enfin, normalement. Un petit paradis donc pour chacun!<\/p>\n\n\n\n<p>La prise en charge d\u2019un animal doit \u00eatre bien pr\u00e9par\u00e9e, car il s\u2019agit d\u2019une nouvelle responsabilit\u00e9, en ce qui concerne le temps \u00e0 lui consacrer, les co\u00fbts pour la nourriture, les soins \u00e0 lui apporter et les frais v\u00e9t\u00e9rinaire. Nous vous conseillons tr\u00e8s volontiers \u00e0 ce sujet.<\/p>\n\n\n\n<p><strong>D\u2019abord faire connaissance!<\/strong><\/p>\n\n\n\n<p>Si vous vous int\u00e9ressez \u00e0 l\u2019un de nos chiens, il est tr\u00e8s important que vous fassiez amplement connaissance, en allant le promener plusieurs jours durant. Ainsi le passage d\u2019un logis \u00e0 l\u2019autre, se fera sans accroc et dans le calme.<\/p>\n","protected":false},"excerpt":{"rendered":"<p>Nous sommes constamment \u00e0 la recherche de places d\u2019accueil pour tous nos petits et grands pensionnaires, afin qu\u2019ils retrouvent confiance et qu\u2019ils puissent vivre, enfin, normalement. Un petit paradis donc pour chacun! La prise en charge d\u2019un animal doit \u00eatre bien pr\u00e9par\u00e9e, car il s\u2019agit d\u2019une nouvelle responsabilit\u00e9, en ce qui concerne le temps \u00e0 [&hellip;]<\/p>\n","protected":false},"author":1,"featured_media":364,"parent":356,"menu_order":0,"comment_status":"closed","ping_status":"closed","template":"","meta":{"_acf_changed":false,"footnotes":""},"class_list":["post-358","page","type-page","status-publish","has-post-thumbnail","hentry"],"acf":[],"_links":{"self":[{"href":"https:\/\/tierschutzbiel.ch\/web\/wp-json\/wp\/v2\/pages\/358","targetHints":{"allow":["GET"]}}],"collection":[{"href":"https:\/\/tierschutzbiel.ch\/web\/wp-json\/wp\/v2\/pages"}],"about":[{"href":"https:\/\/tierschutzbiel.ch\/web\/wp-json\/wp\/v2\/types\/page"}],"author":[{"embeddable":true,"href":"https:\/\/tierschutzbiel.ch\/web\/wp-json\/wp\/v2\/users\/1"}],"replies":[{"embeddable":true,"href":"https:\/\/tierschutzbiel.ch\/web\/wp-json\/wp\/v2\/comments?post=358"}],"version-history":[{"count":1,"href":"https:\/\/tierschutzbiel.ch\/web\/wp-json\/wp\/v2\/pages\/358\/revisions"}],"predecessor-version":[{"id":708,"href":"https:\/\/tierschutzbiel.ch\/web\/wp-json\/wp\/v2\/pages\/358\/revisions\/708"}],"up":[{"embeddable":true,"href":"https:\/\/tierschutzbiel.ch\/web\/wp-json\/wp\/v2\/pages\/356"}],"wp:featuredmedia":[{"embeddable":true,"href":"https:\/\/tierschutzbiel.ch\/web\/wp-json\/wp\/v2\/media\/364"}],"wp:attachment":[{"href":"https:\/\/tierschutzbiel.ch\/web\/wp-json\/wp\/v2\/media?parent=358"}],"curies":[{"name":"wp","href":"https:\/\/api.w.org\/{rel}","templated":true}]}}